ive a(-11).
27
Let n(t) = -t**2 - 17*t - 7. Give n(-16).
9
Let f(k) = 5*k + 27. Determine f(-5).
2
Let o(y) = -y**2 - 15*y - 56. Determine o(-9).
-2
Let i(o) = 2*o - 1. What is i(2)?
3
Let c(l) = 3*l + 27. What is c(-10)?
-3
Let n(m) = -m**2 - 9*m + 59. Determine n(4).
7
Let r(v) = -6*v - 3. Give r(-3).
15
Let m(n) = -n**2 - 15*n - 45. Give m(-7).
11
Let z(h) = -5*h + 75. What is z(24)?
-45
Let h(c) = c**3 - 8*c**2 + 4*c + 2. Determine h(6).
-46
Let k(t) = -t**3 - 6*t**2 - 5*t - 12. Give k(-6).
18
Let k(x) = 2*x**2 - 16*x + 5. Determine k(7).
-9
Let y(l) = l**3 - 34*l. What is y(-6)?
-12
Let y(w) = 17*w + 434. Determine y(-26).
-8
Let n(s) = 2*s - 22. Give n(15).
8
Let i(s) = 3*s**2 + 9*s - 13. What is i(-4)?
-1
Let d(h) = 5*h**3 + h**2 - h - 1. What is d(-1)?
-4
Let k(m) = -m**3 - 4*m**2 + 9*m + 14. Determine k(-4).
-22
Let q(l) = 11*l + 9. What is q(-1)?
-2
Let j(c) = -2*c**2 - 29*c + 40. Determine j(-16).
-8
Let k(l) = l**3 + 13*l**2 - 12*l + 26. What is k(-14)?
-2
Let o(f) = 9*f**3 + 2*f**2 - 3*f + 4. Give o(2).
78
Let h(y) = 2*y**3 - 3*y**2 - 2*y + 3. Give h(-3).
-72
Let u(f) = -5*f + 1. Give u(3).
-14
Let d(x) = -x**3 - 5*x**2 + 4*x + 6. Give d(-5).
-14
Let y(p) = 2*p + 18. Give y(15).
48
Let v(n) = -6*n + 179. Calculate v(31).
-7
Let k(c) = -c**2 + 8*c + 5. What is k(9)?
-4
Let q(g) = -11*g + 45. What is q(6)?
-21
Let z(l) = 10*l + 17. Calculate z(-2).
-3
Let m(d) = -2*d**2 + 45*d - 103. Determine m(21).
-40
Let m(h) = -h**2 + 7*h + 1. Determine m(8).
-7
Let d(u) = -2*u**2 - u - 3. Give d(-2).
-9
Let p(m) = 3*m + 1. What is p(8)?
25
Let l(h) = -h**3 + 5*h**2 + 15*h. Give l(-2).
-2
Let h(r) = r**3 - 12*r**2 - 13*r + 6. Give h(13).
6
Let b(l) = 11*l**2 - 3. Calculate b(2).
41
Let o(g) = -g**2 + 31*g - 7. Determine o(31).
-7
Let i(b) = -14*b**2 - 12. Give i(0).
-12
Let d(h) = 3*h - 33. Give d(25).
42
Let v(t) = -t**3 + 2*t**2 - t + 5. Give v(5).
-75
Let v(p) = -p**2 + 5*p - 5. Determine v(6).
-11
Let u(f) = 3*f + 14. Determine u(-11).
-19
Let c(d) = -9*d + 2. Determine c(-1).
11
Let n(t) = 3*t - 1. Calculate n(-2).
-7
Let f(w) = w**3 - 2*w**2 - 122*w - 14. Give f(-10).
6
Let x(g) = 4*g + 52. Calculate x(-17).
-16
Let i(c) = -46*c - 187. What is i(-4)?
-3
Let t(c) = -2*c**2 - 19*c - 4. What is t(-9)?
5
Let x(g) = g**3 - 20*g**2 + 36*g + 1. Determine x(18).
1
Let u(j) = -3*j - 5. What is u(5)?
-20
Let p(b) = 21*b + 30. What is p(-10)?
-180
Let j(v) = -3*v + 2. Calculate j(-5).
17
Let b(m) = 2*m - 22. Calculate b(13).
4
Let s(l) = -l**3 - 4*l**2 + l - 4. Give s(-3).
-16
Let d(w) = 20*w + 2. Determine d(1).
22
Let y(n) = 15*n**3 + 5*n**2 - 5*n - 1. Calculate y(1).
14
Let v(d) = -2*d**3 + 17*d**2 + 6*d + 24. Determine v(9).
-3
Let c(b) = 2*b + 5. Calculate c(-7).
-9
Let h(f) = -f**3 + 19*f**2 + 24*f - 55. Calculate h(20).
25
Let r(c) = -c**2 + 18*c + 75. Calculate r(23).
-40
Let v(s) = -s**2 + 9*s - 10. Determine v(5).
10
Let q(u) = -5*u**2 - 1. Calculate q(-1).
-6
Let s(n) = 10*n + 1. Give s(-3).
-29
Let v(n) = -n**2 - 55*n - 304. Determine v(-6).
-10
Let b(f) = -10*f + 10. Give b(-2).
30
Let w(n) = -7*n - 1. Give w(5).
-36
Let c(z) = -z**2 + 20*z + 25. Give c(21).
4
Let a(g) = g**3 + 6*g**2 + 12*g + 10. Give a(-4).
-6
Let t(z) = -33*z**2 - 6*z + 3. Calculate t(2).
-141
Let h(m) = -m**2 - 28*m + 35. Calculate h(-29).
6
Let u(o) = o**3 - 7*o**2 + 4*o + 6. Determine u(7).
34
Let c(k) = k**2 - 13*k + 4. Calculate c(10).
-26
Let u(h) = -3*h**2 - 6*h - 4. What is u(-2)?
-4
Let k(h) = -h - 11. What is k(-7)?
-4
Let g(k) = 3*k**3 - 3*k**2 - 6*k - 3. Give g(-2).
-27
Let b(x) = 3*x**3 - 4*x**2 + 2. What is b(2)?
10
Let f(l) = 26*l**3 + l**2 - l. What is f(1)?
26
Let n(o) = o**3 + 14*o**2 + o - 6. Give n(-14).
-20
Let j(x) = -4*x - 23. Calculate j(-7).
5
Let m(a) = -8*a**2 + 135*a + 13. Give m(17).
-4
Let u(x) = x**2 + 5*x - 15. What is u(-8)?
9
Let w(x) = x - 12. Calculate w(5).
-7
Let q(p) = 8*p**2 + 5*p. What is q(-3)?
57
Let m(i) = 22*i. Give m(-2).
-44
Let v(a) = -2*a**2 + 16*a + 53. What is v(-4)?
-43
Let b(c) = -25*c - 27. Calculate b(-1).
-2
Let b(v) = -v**3 - 3*v**2 - v - 3. Determine b(-3).
0
Let k(y) = -4*y + 17. Calculate k(10).
-23
Let j(n) = 3*n**2 + 67*n + 56. Calculate j(-21).
-28
Let d(p) = p**2 + 21*p + 63. Calculate d(-17).
-5
Let w(z) = z**2 - 10*z - 100. Calculate w(-6).
-4
Let t(s) = -2*s**2 - 3*s + 2. Calculate t(-4).
-18
Let o(v) = 2*v - 5. Determine o(7).
9
Let l(s) = -10*s + 144. Calculate l(14).
4
Let l(z) = z**3 - 2*z**2 + 5*z + 4. What is l(4)?
56
Let t(b) = b**3 + 36*b**2 + 67*b - 19. What is t(-34)?
15
Let a(s) = 18*s - 338. Calculate a(19).
4
Let p(z) = z**3 - 3*z**2 - 2*z - 3. Determine p(4).
5
Let j(f) = -f**2 - 4*f + 47. What is j(-9)?
2
Let x(y) = y**2 - 19*y - 26. Give x(20).
-6
Let o(x) = x**2 - x - 5. What is o(5)?
15
Let f(t) = t**2 + 9*t - 24. Calculate f(5).
46
Let i(c) = c**3 + 6*c**2 - 2*c - 8. What is i(-6)?
4
Let k(j) = 17*j + 2. Calculate k(-1).
-15
Let a(b) = -b**2 - b + 12. Give a(-5).
-8
Let c(u) = 3*u**2 - 2*u - 9. Give c(3).
12
Let r(k) = k**3 + 7*k**2 - 11*k - 4. Give r(-8).
20
Let j(f) = -2*f**3 - 23*f**2 + 13*f + 5. What is j(-12)?
-7
Let w(p) = -p**2 - p + 18. What is w(-6)?
-12
Let o(b) = b + 5. What is o(-6)?
-1
Let u(h) = h**2 + 3*h - 10. What is u(4)?
18
Let k(h) = -2*h - 3. What is k(4)?
-11
Let z(a) = -361*a + 1076. Determine z(3).
-7
Let z(t) = -9*t + 8. Determine z(2).
-10
Let a(t) = 2*t**3 - 3*t**2 - 3*t - 3. Give a(3).
15
Let k(q) = q - 24. Determine k(-7).
-31
Let q(h) = -50*h - 95. What is q(-2)?
5
Let o(h) = -h**2 + 3*h - 3. Determine o(3).
-3
Let y(n) = n**3 + 11*n**2 - n - 6. Give y(-11).
5
Let p(l) = l - 29. What is p(16)?
-13
Let x(c) = 2*c**2 - 22*c - 22. What is x(12)?
2
Let r(c) = 7*c - 21. Give r(7).
28
Let m(i) = i**2 - 2*i - 42. Determine m(8).
6
Let k(l) = -37*l + 159. What is k(5)?
-26
Let n(l) = l + 2. What is n(6)?
8
Let i(s) = -8*s + 4. Determine i(3).
-20
Let u(f) = f**3 + f**2 - 4*f + 3. Determine u(-4).
-29
Let x(u) = -u**3 + 7*u**2 - 5*u. Determine x(6).
6
Let w(k) = 3*k + 4. Determine w(3).
13
Let i(j) = -6*j - 112. Calculate i(-19).
2
Let l(f) = f**3 + 6*f**2 - 10*f + 2. Calculate l(-8).
-46
Let p(r) = -r**2 + 6*r. What is p(6)?
0
Let m(f) = 7*f + 275. Give m(-42).
-19
Let t(q) = q**3 + 7*q**2 - q + 8. Give t(-8).
-48
Let x(j) = j + 3. Determine x(-13).
-10
Let c(f) = -f**2 + 10*f + 1. Determine c(7).
22
Let a(r) = r**3 - r**2 - 2*r + 2. Determine a(1).
0
Let a(l) = 5*l - 1. Determine a(1).
4
Let f(o) = -54*o + 1. Give f(1).
-53
Let l(o) = 6*o + 107. What is l(-18)?
-1
Let q(g) = g**2 + 6*g - 10. What is q(0)?
-10
Let t(i) = 4*i + 21. Give t(-5).
1
Let c(s) = -s - 13. Determine c(6).
-19
Let n(c) = c**3 - 34*c**2 - 35*c - 5. Give n(35).
-5
Let w(v) = -3*v + 2. Determine w(7).
-19
Let v(q) = q + 31. Calculate v(-11).
20
Let z(l) = -l**2 + 4*l + 9. Determine z(5).
4
Let b(o) = 5*o**2 - o - 1. Give b(-2).
21
Let k(p) = p**2 + 13*p - 4. What is k(-12)?
-16
Let z(j) = -19*j + 2. Determine z(2).
-36
Let w(b) = 2*b**2 + 3*b - 1. Determine w(-3).
8
Let y(i) = -2*i**2 - i + 3. What is y(-6)?
-63
Let j(m) = -m**3 - 9*m**2 + 8*m - 14. Calculate j(-10).
6
Let h(v) = -v**3 - 8*v**2 + 10*v + 9. Calculate h(-9).
0
Let m(l) = -2*l**2 + 6*l - 6. Determine m(5).
-26
Let b(x) = -11*x**2 + x - 10. Calculate b(0).
-10
Let d(y) = y + 23. What is d(-26)?
-3
Let g(i) = -i**3 + 4*i**2 + 5*i - 13. What is g(3)?
11
Let g(z) = z**3 - 9*z**2 - 2*z + 20. Calculate g(9).
2
Let b(g) = 17*g + 23. Calculate b(-1).
6
Let x(t) = 2*t**3 + 10*t**2 + 2*t - 1. Calculate x(-5).
-11
Let i(r) = -r**2 + 26*r + 117. Determine i(-4).
-3
Let k(v) = -v**3 - 23*v**2 - 24*v - 48. Calculate k(-22).
-4
Let n(f) = -f**3 - 11*f**2 - 7*f + 10. Determine n(-10).
-20
Let g(v) = -v**3 - 3*v**2 + 5*v + 12. What is g(-3)?
-3
Let v(u) = u**3 - 5*u**2 - 9*u + 6. Calculate v(6).
-12
Let b(j) = -9*j - 74. Give b(-8).
-2
Let u(s) = -s. What is u(-12)?
12
Let d(n) = 14*n - 59. What is d(4)?
-3
Let n(g) = -5*g + 11. Determine n(3).
-4
Let q(c) = 2*c**2 - 13*c. Determine q(6).
-6
Let a(m) = -16*m + 7. Determine a(5).
-73
Let v(x) = x**2 + x - 12. What is v(-6)?
18
Let d(p) = -p**2 - 37*p - 214. Determine d(-29).
18
Let g(z) = -26*z**3 + 2*z**2 + 2*z + 1. Give g(-1).
27
Let a(j) = 2*j - 20. Calculate a(17).
14
Let u(q) = 22*q. 